 - -511. Is f a prime number?
False
Let v = -482632 + 705339. Is v prime?
True
Let l(f) = -46 + 601*f - 616*f - 1527*f. Is l(-4) prime?
False
Is (63/(-72))/((-3)/436056) prime?
False
Let f = 338106 - 235529. Is f a composite number?
True
Let x(s) = -669*s**2 + 1351*s**2 + 3*s - 676*s**2 + 6*s**3 + 22. Is x(5) a composite number?
False
Suppose -5*d + 12*i - 8*i = 80, -d = 3*i - 3. Is (18/d)/(11375/(-3790) - -3) prime?
False
Suppose -4*g - 30 = -5*p, 5*p - 2*p + 19 = -5*g. Suppose -3*v = -2*v - 5*l + 182, 3*v + 614 = -p*l. Let h = v + 1289. Is h a composite number?
False
Let j(d) = 31*d**2 - 29*d**2 + 8*d + 39*d**2 + 38*d - 19. Is j(10) prime?
False
Let x(b) = 2*b + 1014. Let d(o) = -o**2 - 2*o. Let q be d(-2). Let l be x(q). Let v = l - 565. Is v composite?
False
Let u be 8/2 - (-5 - -5)/4. Suppose -4*n = u*n - 5896. Is n prime?
False
Let t = 115 - 82. Suppose -8*r = 9 - t. Suppose 3*v - 366 = 3*h, 0 = -5*v + r*h - 0*h + 604. Is v composite?
True
Let c(w) = -5026*w + 1289. Is c(-19) composite?
True
Is ((-988268)/6)/(98/(-735)) a prime number?
False
Let h(n) = 6*n**2 - 9*n + 4. Let u = 21 - 20. Let p be (-1 + -2 + -6)*u/(-1). Is h(p) a prime number?
True
Let h be ((-29966)/(-8))/(-10 - 507/(-52)). Let p = -10346 - h. Is p composite?
False
Let k = -393 + 392. Let x(g) = 28685*g**2 + 6*g + 6. Is x(k) composite?
True
Is 36902946/50 - (-130)/1625 a prime number?
False
Is 5 + -13 - -6 - -25737 a prime number?
False
Let i(t) = 6927*t**2 + 173*t + 19. Is i(-7) a composite number?
False
Suppose 3*n - 32166 = -3*r, -214 + 224 = -2*r. Is n prime?
False
Suppose 2*v - 21690 = -3436. Is v a composite number?
False
Is ((-36)/(-14))/6 + 173569864/476 composite?
False
Let o(c) = 1157*c**2 - 5*c - 41. Suppose 5*j - 7*j = n + 15, 0 = 2*j - 3*n - 5. Is o(j) a prime number?
True
Suppose -11*x + 20*x = 145728. Let s = -6381 + x. Is s composite?
False
Let c(t) = t**3 + 14*t**2 + 20*t + 24. Let b be c(-13). Let n = 69 + b. Suppose 0 = -5*q - k + 712, -q + 5*q - n*k - 578 = 0. Is q prime?
False
Suppose -4*s + 38 - 34 = 0. Is ((-175)/(-140))/(s/116) a composite number?
True
Suppose 147249 = 3*q + 2*y, -170562 - 25768 = -4*q - 2*y. Is q a prime number?
True
Suppose -40*z = -43*z + 33. Let m = 352 + 353. Suppose -z*k - m = -14*k. Is k prime?
False
Let g(q) = 1742*q**3 + 19*q**2 - 3*q + 2. Let u(s) = -580*s**3 - 7*s**2 + s - 1. Let k(z) = -4*g(z) - 11*u(z). Is k(-2) composite?
True
Is (-8 + (-10629)/6)*-48 + -5 prime?
True
Let j(r) = r**2 + r - 70. Let b be j(-9). Is b/(-3) - (149178/18)/(-1) a prime number?
True
Let x = 46157 + -16462. Is x composite?
True
Let g = -33 - -18. Let y be ((-9)/g)/((-1)/(-5)). Suppose 0 = -y*w - 2*v + 15, -33 = -5*w + 3*v + 11. Is w a prime number?
True
Let i be (-9 + 10)/((-4)/(-35052)). Let x = i + -4496. Is x prime?
False
Let h(x) = 88*x - 95. Suppose i = j - 20, 2*i - 6 - 18 = -2*j. Is h(j) composite?
True
Let a(i) = 16403*i - 3001. Is a(10) a prime number?
False
Let f = -448771 - -1073732. Is f prime?
True
Let o(a) = 430*a**2 + 8*a + 12. Let q be o(-3). Suppose -8*r = -q - 2422. Is r a composite number?
True
Is (-3)/2*55236140/(-402) a composite number?
True
Let b = -140 + 135. Let l(h) = -55*h**3 + 17*h - 11. Is l(b) prime?
True
Suppose 5*r = -2*r. Suppose 5*y = q - 20, -q - 6*y + 3*y + 36 = r. Is 3/15 - -532*27/q a prime number?
True
Let z(m) = -5*m**3 - 8*m**2 + 8*m - 27. Let t be z(10). Let b = t + 15958. Is b prime?
True
Suppose 3*k + 9 = 0, 1666197 = 2*z + 5*k - 444398. Is z a composite number?
True
Let a = 252 - 169. Let t = 174 + a. Suppose -b + t = -4*j, 1 = -2*j - 1. Is b a prime number?
False
Let h(d) = 26*d + 667*d + 486*d + 86. Let s(g) = 236*g + 17. Let p(y) = -2*h(y) + 11*s(y). Is p(11) a composite number?
False
Suppose -5*m - 4*a + 11107 = 0, 4141 = 5*m + a - 6957. Suppose -w = 4*y - 5*w - 8876, -y - 5*w + m = 0. Is y prime?
False
Suppose 3*u = 4*f + 6292, 2*f = -0*u + 3*u - 6284. Let l be u/20 - (-3)/(-5). Let s = l + -45. Is s a prime number?
True
Let l = 1294 - 140. Is l/(21/3 - 5) composite?
False
Is 2/((-28)/(-2180190)) + 1848/1617 prime?
False
Suppose 3 + 1 = -4*w. Let v(s) = 9 + 7 - 3083*s - 118*s - 12. Is v(w) prime?
False
Suppose 2*r + 5*b - 35 = -3*r, -31 = -5*r - 3*b. Suppose -5*k = -4*x - 1263, -k - 261 = -2*k + r*x. Is k a composite number?
False
Let k be ((-6177)/6)/(13/(-26)). Is (-136)/170 + k*(-11)/(-5) composite?
True
Suppose 5*d - 129933 = -4*p, -127*p + 131*p = -4*d + 103944. Is d a prime number?
False
Suppose 0 = -q - q. Suppose 0*d + g = 4*d - 9, 5*g - 15 = q. Suppose 1270 = -t + d*t. Is t a prime number?
False
Let p = 758 - -3555. Is p prime?
False
Let d(c) = 26007*c**2 + 43*c + 5. Is d(-1) a composite number?
False
Suppose 6*b + 8117 = 110315. Is b prime?
True
Let u be -24*4/(-32)*10. Let w be ((-3)/4)/(u/(-80)). Suppose 3*z - w*k = 803 + 108, 0 = 3*z + k - 926. Is z prime?
True
Let t(p) = 27*p**2 + 7*p - 81. Is t(31) a prime number?
True
Let g be (-54)/(-90) - 36258/5. Let j = 10378 + g. Is j prime?
False
Is 3/18 + 262488/144 prime?
True
Let v be -5 - 4/(-8)*14. Let j be (161 + 4)/((-3)/v). Is (-308)/j*1055/2 a composite number?
True
Let v be -1 + (3665 - (-4 + 3)). Suppose -v - 1400 = -5*m. Let h = -492 + m. Is h a composite number?
False
Let i(s) = s**2 + 11*s + 6. Let f be i(-11). Let y(l) be the second derivative of 44*l**3/3 + 23*l**2/2 + 106*l. Is y(f) a prime number?
False
Let i = 159 + -156. Suppose -6834 = -4*q - 2*s, i*q + 6*s = 2*s + 5123. Is q a composite number?
False
Let b = -132281 - -239134. Is b a composite number?
False
Suppose -4*s = p - 0*p - 1665323, -1665296 = -p - s. Is p a prime number?
False
Let o(d) = d**2 - 10*d + 24. Let i be o(3). Suppose -i*q + 486 = -3*z, -3*q = 3*z - 269 - 223. Is q composite?
False
Let s be -18*(-6)/9*-2. Is (-83670)/s + 9/12 a prime number?
False
Let c = -384 - -1429. Let o = 612 + c. Is o composite?
False
Let x = 278 - 281. Is ((-47128)/12 + -1)/(x/9) prime?
False
Suppose 2*a - 2158 = -4*l, -3*a + l = -4963 + 1698. Is a prime?
True
Is 105/(-30)*(-8567920)/280 prime?
True
Is ((-905705)/20*-2)/(-2*1/(-4)) composite?
False
Let n = 1988 + 25131. Is n composite?
True
Let a(g) = g**2 - 6. Let z(q) = q**2 - 5. Let u(y) = 2*a(y) - 3*z(y). Let j be u(0). Suppose 1055 = 5*i - 2*x, 4*i + 3*x - 194 = j*i. Is i composite?
True
Suppose 5*q = 3*v - 38078, 2*v - 7*v = q - 63454. Let a = v - 734. Is a a prime number?
False
Let n(a) = a**3 - 13*a**2 + 4*a - 27. Let m be n(13). Suppose -m*w - 65769 + 219344 = 0. Is w a prime number?
True
Let b(j) = -32*j**3 - j**2 + 3*j + 1. Let f be b(-2). Let k be 1 - (180/27)/((-1)/3). Let q = f - k. Is q a composite number?
True
Let z(n) = 279*n + 503. Is z(56) composite?
False
Let v(o) = -4*o**2 - 1441*o - 208. Is v(-121) composite?
False
Suppose -119*l - 636332 = -7174311. Is l a prime number?
True
Let l(c) = 29*c**3 + 6*c**2 - 3*c + 1. Let z(d) = d**3 - 4*d**2 - d + 4. Let n be z(4). Suppose n = 50*g - 45*g - 10. Is l(g) prime?
True
Let f(j) = -4*j**3 + 319*j**2 + 21*j - 107. Is f(75) prime?
True
Let v(y) = y**3 - 30*y**2 + 2*y - 7. Let l be 2 + (9/3 - 7 - 5). Let h be 1188/42 + 2 + 2/l. Is v(h) a prime number?
True
Suppose 8 = 4*c, 2*g - 4961 - 8533 = -4*c. Is g a composite number?
True
Suppose 0 = 94*n - 96*n + 32. Suppose -55956 = -n*v + 32956. Is v a prime number?
True
Let d be (24/(-5))/((-3)/10). Let n(q) = q**3 - 23 - 13*q**2 + 77837*q - 77849*q + 0*q**2. Is n(d) prime?
False
Let i(r) = -202*r - 4581. Is i(-97) a prime number?
True
Let s be (2/(-3))/(6/9)*-18. Let u be 8 + 4/s + (-4)/18. Let m(y) = 4*y**3 - 8*y**2 - 15*y + 25. Is m(u) a prime number?
False
Let v = 50722 - 34391. Is v composite?
True
Let v(g) = -5*g**3 - 9*g**2 - 6*g + 4. Let f be v(-2). Suppose -f*s + 67183 = 3*s. Is s composite?
True
Suppose -25*q + 684543 - 128818 = 0. Suppose q = 9*p - 8*p. Is p composite?
False
Suppose 5*h + 4*a + 10 = 0, 2*h = -0*h + 4*a + 24. Let d(t) = -48*t**3 - 2*t**2 + 4*t - 7. Let k be d(h). Let u = k + 932. Is u composite?
False
Let w(q) = -318*q - 4 - 26 - 47. Is w(-7) a prime number?
False
Is (-7418539)/(-7) - (-45)/((-3780)/24) a composite number?
True
Let d be (-15 - -18) + 10/(-2) - -2. Let y be d + 3 + -1 - (-22 - 1201). Suppose -y = -v + 532. Is v composite?
True
Let b(j) = -j**3 - 6*j**2 - 6*j + 7. Let r be b(-